hat is the highest common divisor of x and 19?
19
Let f(v) be the third derivative of v**4/12 + 4*v**3/3 - 3*v**2. Let w be f(-6). Let i be (-1)/(1/w)*4. Calculate the highest common factor of i and 160.
16
Let o(c) = c**3 - 7*c**2 + 12*c - 5. Let w be (-10)/20 - 2/(-4). Let v be 5*(w - -1)*1. Let a be o(v). Calculate the greatest common divisor of 45 and a.
5
Let o be 2/(-10)*-4252 + 8/(-20). Calculate the greatest common divisor of o and 100.
50
Let z(c) = -c**2 + 3*c - 5. Let q be z(5). Let o be (-4)/(-8) + q/(-6). Suppose -9 + o = -m. Calculate the highest common factor of 2 and m.
2
Suppose -4*i = -25*i + 42. What is the greatest common divisor of 34 and i?
2
Let n = 245 + -133. Suppose -6*b + b = -80. What is the highest common factor of b and n?
16
Suppose 8 + 22 = 5*h. Suppose 5*u = -2*y + h*y - 1, -5*u - 3*y = -27. Suppose -3*o - 35 = -44. Calculate the highest common factor of o and u.
3
Let q = -427 - -441. What is the highest common factor of 1022 and q?
14
Let h(r) = r**3 + 27*r**2 - 58*r + 64. Let v be h(-29). What is the greatest common factor of v and 32?
32
Let y be 14 + 1 + -3 + 0. Suppose -5 = 2*i - w, 5*w - w - 20 = -i. Suppose 3*t - 35 - 361 = i. What is the highest common factor of y and t?
12
Let h(u) = 5*u + 70. Let x be h(-12). Let w be 1 + 0 + 79*1. What is the highest common factor of x and w?
10
Suppose -2*b - 2964 + 574 = -5*j, -4*j + 1945 = 5*b. Suppose -70*v + j = -66*v. What is the greatest common divisor of v and 24?
24
Let q(m) = m**2 + m - 18. Let a be q(-6). Let x be 37 + a/4 + -4. Calculate the highest common factor of x and 12.
12
Let z = -3810 + 5430. Calculate the greatest common factor of 60 and z.
60
Let j be (-1 + 1 + -156)*(-4)/(-8). Let m = -31 - j. What is the highest common divisor of 141 and m?
47
Let z = -172 + 70. Let b = 42 - z. Let h = -89 + b. Calculate the greatest common factor of 5 and h.
5
Suppose 7 - 61 = -9*l. Suppose l*m = 10*m - 100. Calculate the highest common factor of m and 175.
25
Let s be (-2)/8 - (-1 + (-842)/8). Suppose -5*y + 69 = -s. Calculate the greatest common factor of 21 and y.
7
Suppose -150 = -17*k + 207. What is the highest common divisor of 105 and k?
21
Let w be -5*3/15*-16. Suppose 13*s + 30 = w*s. Calculate the highest common factor of s and 40.
10
Suppose 3*r + 330 = 5*a, -4*a - r + 272 = -9. Calculate the greatest common divisor of a and 69.
69
Let i = 191 + -124. Let p = -65 + i. What is the highest common divisor of 6 and p?
2
Let j(l) = 5*l - 10. Let m be j(3). Suppose -m*d = -4*d - 3. Calculate the greatest common factor of d and 1.
1
Let h(q) = -72*q**3 + q**2 + q. Let y be (-8)/(-12)*(-3)/2. Let o be h(y). What is the greatest common divisor of o and 9?
9
Suppose g - 25 = -5*f - 4*g, -f + 5*g = -5. Suppose -l - 28 = -f*l. What is the greatest common factor of 14 and l?
7
Let v = -23 - -139. What is the greatest common divisor of 754 and v?
58
Suppose 720 = 152*h - 136*h. What is the highest common divisor of h and 795?
15
Suppose -3*g = 4*a - 51, 0*g - 3*g + 3 = 0. Let z = -87 + 171. Calculate the highest common divisor of a and z.
12
Suppose -4 = l - 3*l. Suppose -12*a = -5 - 7. Suppose -5 = -s + x - a, -4*x - 13 = -3*s. What is the highest common divisor of s and l?
1
Let k = -79 - -47. Let s = k + 52. What is the highest common factor of s and 80?
20
Let a be ((-80)/48)/(1/(-6)). Let t = 272 - 144. Suppose -z + t = 38. What is the greatest common divisor of a and z?
10
Suppose -3*u + 7 = 1. Suppose -2*n = -h - 95, -u*n = -2*h - h - 85. Calculate the highest common divisor of n and 2.
2
Let p(w) = -w**3 - 2*w**2 - 13*w + 39. Let m be p(0). Calculate the highest common factor of m and 13.
13
Suppose 3*q - 9 = -0. Suppose -16 = -4*r, -3*x = -5*x - q*r + 142. What is the highest common factor of x and 39?
13
Let o = 21 + -18. Suppose -8*w + 350 = -o*w. What is the greatest common divisor of 28 and w?
14
Suppose -48*t + 661 + 491 = 0. Calculate the highest common divisor of t and 2724.
12
Suppose -5*c = -c + 12, -5*q - 2*c + 169 = 0. Calculate the highest common divisor of 140 and q.
35
Suppose 4*t + 0*t = -132. Suppose -3*a = -30 - 117. Let o = a + t. What is the highest common divisor of 8 and o?
8
Suppose 4*a + 4*d = 348, -4*a + d - 107 = -445. Suppose 3*l + 5 = -y + 55, -71 = -4*l + 3*y. What is the highest common divisor of a and l?
17
Let m = -1124 - -1480. Calculate the greatest common divisor of 4 and m.
4
Suppose 4*j + 0*k = -4*k + 12, -2*k = 5*j - 6. Suppose j = -4*t + 93 + 387. Calculate the greatest common factor of 15 and t.
15
Suppose -1396*a + 1620 = -1390*a. What is the greatest common factor of 162 and a?
54
Let c = 2938 + -2588. What is the highest common divisor of 200 and c?
50
Let c(y) = -3*y + 103. Let q be c(23). Calculate the highest common divisor of 34 and q.
34
Let d = 4 - -17. Suppose -3*v + 230 = -274. What is the highest common factor of v and d?
21
Suppose 2*l - 5*n = 7*l + 195, 0 = -l + 5*n - 45. Let b be 2/4*8 - l. What is the greatest common factor of b and 33?
11
Let c be 0/(-2) + -3 + 0. Let f be 28/2 + 3/c. Suppose -12*t - 273 = -19*t. Calculate the greatest common factor of t and f.
13
Let t = 5 + -5. Let s(x) = x**2 - 3*x**2 - 6 + t*x**2 + x**2 - 10*x. Let h be s(-4). Calculate the greatest common factor of 2 and h.
2
Suppose o + 4 = 4*s + 16, -45 = -5*o + 5*s. Let d be (-6)/(-1)*o/24. Let m(k) = 13*k - 2. Let h be m(d). Calculate the highest common divisor of h and 8.
8
Suppose 9*n - 60 = 13*n. Let d = n + 312. Calculate the greatest common divisor of d and 33.
33
Let w(q) = q**2 - 4*q - 20. Let j be w(10). Suppose -3*b + 5 = -1. Suppose -4*t = t + 15, -b*p + 35 = -t. What is the greatest common divisor of j and p?
8
Let x = 2145 - 2073. What is the greatest common factor of 342 and x?
18
Let c(h) = h**2 - 2*h. Let z be c(0). Suppose z = q - 2*q + 20. What is the highest common divisor of 50 and q?
10
Let j be (6/4)/((-12)/(-32)) - -1. Let r(f) = -f**3 - f**2 + f - 1. Let y be r(-2). What is the greatest common divisor of y and j?
1
Suppose k = -11 + 24. Calculate the highest common divisor of k and 247.
13
Let n(p) = p**2 + 6*p - 13. Let g be n(-10). Let o = g - 25. What is the greatest common divisor of 6 and o?
2
Let a(i) = -i**3 - 19*i**2 + 119*i - 10. Let m be a(-24). What is the greatest common factor of 58 and m?
2
Suppose 0 = -19*m - 0*m + 627. What is the highest common factor of m and 3?
3
Let o(s) = -s**3 - 3*s**2 + 6*s - 5. Let t be o(-5). Let q be (2 + -6)*(-405)/36. Calculate the greatest common factor of q and t.
15
Let r = -29 + 46. Suppose -3*q + r = 5. Let y(o) = 2*o**2 - 14*o - 24. Let c be y(9). What is the greatest common factor of q and c?
4
Let g = 456 + -420. Calculate the highest common divisor of g and 27.
9
Suppose -5*b = -136 + 46. Suppose 2 = 2*x - 16. Let w be 2/x - (-5808)/108. What is the highest common divisor of w and b?
18
Let i = -28 - -50. Suppose r - i = -t + 9, t - 143 = -5*r. Suppose -4*p - 3*b = -34, p = -3*p + 5*b + 18. What is the greatest common factor of r and p?
7
Suppose -3*c - 3*p = -17 - 10, 0 = 3*c - p - 23. What is the greatest common factor of 200 and c?
8
Let h(o) = o**3 - 31*o**2 + 240*o + 24. Let t be h(14). What is the highest common factor of t and 1404?
52
Suppose -4*w + 3*g = -5, -2*w - 4*g + 6 + 2 = 0. Suppose 32 = t + 4*t - 4*a, 4*t - 36 = -w*a. What is the highest common divisor of t and 20?
4
Suppose 3*g - i = 61, 2 = 2*i + 10. Let b = 34 - g. Let c = -4 + 7. What is the highest common factor of c and b?
3
Let l(c) = -6*c + 15. Let m be l(-6). Let a = 67 - m. What is the highest common factor of 64 and a?
16
Suppose 0*c = -7*c + 679. Let n = 137 - c. What is the highest common divisor of 100 and n?
20
Let s = 7 + -7. Suppose 5*l - 15 = s, -6 = 2*z - 2*l + 46. Let q = z - -44. What is the highest common factor of q and 147?
21
Suppose 0 = -13*l - 5*l + 3888. Calculate the greatest common factor of l and 24.
24
Suppose g + 3*l - 59 = 0, 140 = 4*g - 3*l - 36. Let z = 116 - g. Calculate the highest common factor of z and 46.
23
Let t = 36 - 14. Suppose 0*d - t = -d. What is the greatest common factor of d and 11?
11
Suppose -6*b = -b - 25. Let n be 1/5*2*-15. Let i be (3/(-2))/(n/4). What is the greatest common factor of b and i?
1
Let r(x) = x**2 - 13*x